ltiple of 12?
True
Suppose 2 = -f + 1. Is f - ((-37 - 3) + 3) a multiple of 18?
True
Is 4 a factor of ((-130)/(-39) - 2/(-3)) + 2?
False
Let p = -56 - -93. Does 8 divide p?
False
Suppose -5*n = 4*p - 82, 2*p - 13 = 2*n - 35. Does 7 divide n?
True
Suppose -10 = 5*z, -2*a - 3*a = -2*z - 4. Let x = 2 + a. Suppose -x*q + 3*d + 0*d = -13, -3*d = -5*q + 37. Does 4 divide q?
True
Suppose 0 = 5*a + f + 15 + 1, 5*f - 20 = 0. Let c = 34 - a. Is 19 a factor of c?
True
Let h(l) = -l**3 + 4*l**2 + 5*l + 6. Is 2 a factor of h(5)?
True
Let r = -3 + 8. Suppose -4*h = o + 3 - 6, 4*o + 10 = -r*h. Let j(v) = v**2 + 5. Does 15 divide j(o)?
True
Suppose -2*j = -20 - 8. Let w = 2 + j. Is 16 a factor of w?
True
Let v = 64 + -44. Does 10 divide v?
True
Let s(x) = -x - 3. Let h be s(4). Let d(i) = -i**2 + 7. Let r(m) = -3*m**2 + m + 20. Let k(f) = -7*d(f) + 2*r(f). Is k(h) a multiple of 13?
True
Let l be 0 + 2 - (-4 + 0). Let w(o) = -7*o**2 - 4 - 5 + 4*o**3 - 6*o**3 + 3*o**3 + 8*o. Is 3 a factor of w(l)?
True
Let b = 174 + -59. Does 31 divide b?
False
Suppose -2*f = -5*f + 30. Is 5 a factor of f?
True
Let o = -9 - -3. Let a be -3*o/27*3. Is (a - (1 - -2)) + 4 a multiple of 2?
False
Let b(a) = 19*a**3 + 2*a**2 - 2*a + 1. Let c be b(1). Suppose c = -0*f + 4*f. Is 5 a factor of f?
True
Suppose -18*d = -21*d + 120. Does 3 divide d?
False
Let g = -5 - -10. Does 5 divide g?
True
Let u = 4 - 1. Suppose 3*i - n = n + 68, u*n = -i + 19. Does 20 divide i?
False
Let z(u) = 4*u**2 - 7*u + 29. Is 43 a factor of z(-6)?
True
Suppose -2*g + 113 = w, -5*g = -4*w - w + 595. Let b = -65 + w. Suppose -3*r + b = -s, -2*r + r - 2*s = -22. Is r a multiple of 9?
True
Let q be (-9)/(-7) + 8/(-28). Let b be q*(-2)/(-1) - -1. Suppose b*f - 30 = 30. Is 11 a factor of f?
False
Let s = 0 - -3. Let y = -1 + s. Suppose -2*k = x + 3, -3*x + 7*x - 12 = -y*k. Is x a multiple of 3?
False
Suppose -4*j - 129 + 453 = 0. Suppose 0*s + j = 3*s. Does 9 divide s?
True
Let x(z) = -z**3 + 18*z**2 + 17*z - 20. Is 18 a factor of x(18)?
False
Let u(t) = -2*t + 1. Let f be u(-9). Let y = f - 0. Does 6 divide y?
False
Suppose -7*t + 11*t - 80 = 0. Is t a multiple of 6?
False
Let l(u) = u - 4. Let i be l(8). Let b be (-243)/i + (-9)/(-12). Let h = -35 - b. Is h a multiple of 15?
False
Let k = 26 - 15. Does 3 divide k?
False
Suppose 12*y - 137 - 175 = 0. Is 13 a factor of y?
True
Suppose -i + 80 = -4*r, -i = r - 0*r - 80. Suppose -4*d = y - i, -20 = -d + 6*y - y. Does 10 divide d?
True
Suppose 3*b - 178 = -5*p, p + 3*b - 6 = 20. Is 20 a factor of p?
False
Suppose 85*c - 84*c - 33 = 0. Is 11 a factor of c?
True
Let d be (-88)/(-10) + (-1)/(-5). Let b be (d/(-5))/(2/(-10)). Suppose -6 + b = t. Is t a multiple of 2?
False
Let m be 2*(0 + 51/(-6)). Let k = 34 + m. Let a = -9 + k. Is 4 a factor of a?
True
Is 5 a factor of -3 - (-2 + -84)*(-7)/(-14)?
True
Let p = 3 - 2. Is 7 a factor of (0 - p - 0) + 15?
True
Suppose 3*y + 26 = y. Let v(j) = 4*j**3 + 15*j**2 - 10*j - 3. Let i(s) = -s**3 - s**2 + 1. Let g(q) = -3*i(q) - v(q). Is g(y) a multiple of 13?
True
Let g(a) = -81*a + 5. Is 43 a factor of g(-1)?
True
Let d(w) = 3*w - 1. Let q be d(2). Suppose -v - 4*t + 16 = 1, q*v + 5*t = 135. Suppose 0*g - 29 = -3*g + b, 0 = g + 5*b - v. Does 7 divide g?
False
Is 4/5*(11 - -19) a multiple of 4?
True
Let v be 1/(-1)*1/1. Let a be 1*(v + 0)*0. Suppose a*t - 2*t = -44. Is 8 a factor of t?
False
Suppose 93 = -4*l + 7*l. Does 31 divide l?
True
Let k(x) = 2*x - 3. Let f be k(4). Suppose 0 = -f*p - 3*q + 39, 5*p + q - 45 = -4*q. Does 6 divide p?
True
Let k = 7 + 9. Is k a multiple of 16?
True
Suppose 17 = -5*q + 2, -5*l - 5*q = -335. Is l a multiple of 14?
True
Suppose 3*u + 5*q - 9 = 2*q, 4*q - 20 = 0. Let k be (-2)/u - 2/1. Let f(r) = 15*r**2. Is f(k) a multiple of 7?
False
Let m = 208 + -149. Does 7 divide m?
False
Suppose 0 = 4*o + 11 - 47. Let k = o - 2. Is 5 a factor of k?
False
Suppose -83 = -3*u + 76. Is u a multiple of 10?
False
Suppose -4*l + 9*l = 3*d + 348, l = d + 68. Is 19 a factor of l?
False
Let g(q) = q**3 - 5*q**2 - 7*q. Let c be g(6). Let r(o) = o**3 + 6*o**2 - 3*o. Is 18 a factor of r(c)?
True
Let x = -363 - -513. Is x a multiple of 25?
True
Suppose -y + 4*j + 10 = -j, 5*y - 5*j + 30 = 0. Let z = y + 12. Suppose -5*x + g = -114, -z*g + 2 = x + 3*g. Does 17 divide x?
False
Let q be -6 + 13 + (-2)/(-1). Suppose -25 = 4*l - q*l. Is l a multiple of 3?
False
Let w(t) = -t - 3*t + 3*t - 2. Let f be w(-4). Suppose 1 = -f*h + 5. Is h a multiple of 2?
True
Suppose -1 = l - 4*g + 4, -3*g = 2*l - 23. Let r = 28 - l. Is 5 a factor of r?
False
Suppose 0 = -3*r + 18 - 3. Suppose 22 = -r*i + 107. Is 7 a factor of i?
False
Suppose 0 = 2*f - 5*x - 10 - 117, x + 115 = 2*f. Suppose 5*o = 4*p + o + 116, -2*p + o - f = 0. Let r = p + 45. Is 17 a factor of r?
False
Suppose v = -5, 3*c + 312 - 784 = 5*v. Is 25 a factor of c?
False
Let j = -126 - -77. Let v = j + 88. Is 13 a factor of v?
True
Let i(n) = -64*n**2 + n - 1. Let w be i(1). Let d = w + 112. Does 16 divide d?
True
Suppose -60 + 12 = -3*l. Does 5 divide l?
False
Let k = -30 - -66. Is k a multiple of 11?
False
Suppose g + 6 + 6 = 0. Does 7 divide ((-136)/(-12))/((-8)/g)?
False
Let z(n) = -n**3 + 6*n**2 - 3*n + 7. Let d be z(5). Suppose 2*p = d + 5. Let t = 32 + p. Is t a multiple of 17?
False
Suppose 5*k + 425 = 4*z + 6*k, k - 1 = 0. Is z a multiple of 9?
False
Suppose -19 = q - 5*q + 3*z, 4*q + 5*z = 11. Suppose -l + 16 = -q. Is 5 a factor of l?
True
Let i = 27 + -2. Let r = 35 - i. Does 6 divide r?
False
Suppose -5*o = 4*c - 135, 2*c + 3*o = -24 + 91. Is 7 a factor of c?
True
Let r(d) = -d**3 + 7*d**2 - d + 3. Let t be r(6). Suppose 4*m + 8 = -5*q, -2*m + 2*q - 6 = 5*q. Suppose 9 + t = m*n. Is n a multiple of 5?
False
Suppose 15 = 2*d + a, -5*d + 3*a + 15 = -d. Let p = d + -3. Is p a multiple of 2?
False
Let h(j) = -j**3 - j + 28. Let p be h(0). Suppose -k + 6*k - 21 = -3*t, -4*k + p = 4*t. Does 7 divide t?
True
Let n(l) = l - 7. Let j be n(5). Does 3 divide -2 + 1 + 6 - j?
False
Let c = 14 - 28. Let n = 12 + -6. Let r = n - c. Is 7 a factor of r?
False
Suppose 0 = 3*j - j - 16. Suppose j*o - 7*o - 54 = 0. Is 18 a factor of o?
True
Suppose 5*i - 2*b + 0*b - 896 = 0, -5*i + 902 = b. Is 14 a factor of i?
False
Suppose -1278 = -8*d - 390. Is d a multiple of 23?
False
Is 21 a factor of -1 + -2 + 2 - (-633)/3?
True
Does 16 divide 3/6 + (-6)/4*-87?
False
Let q be 3/((-9)/(-6)) - 0. Suppose -k + 9 = -4*k, -27 = -q*r + 5*k. Does 6 divide r?
True
Let o(z) = -z**3 + 7*z**2 + 14*z - 17. Let w be o(8). Let r = 91 - w. Is 15 a factor of r?
True
Suppose -15*r + 13*r = -64. Is 15 a factor of r?
False
Suppose 2*t - 1 = 3. Let l(d) = 2*d - 1. Let z be l(t). Let q = z + 4. Is q a multiple of 6?
False
Let w = -45 + 69. Suppose w = -5*a - 3*y + 7*y, -24 = 4*a - 2*y. Let r(i) = i**2 + 8*i + 11. Is 6 a factor of r(a)?
False
Let z be (-43 + 1)*(-3 + 2). Suppose -n - n = -z. Is 7 a factor of n?
True
Suppose 3*n - 466 = -118. Suppose 2*f - 3*l = 80, 5*f + 5*l - n = f. Is f a multiple of 18?
False
Suppose 5*g + 0*g - 45 = -3*l, -2*g = 2*l - 34. Does 20 divide l?
True
Let h(r) = r**3 + 6*r**2 + 2*r - 3. Let u(k) = -k**3 + 8*k**2 + 8*k + 4. Let t be u(9). Is h(t) a multiple of 6?
True
Let t = 1 + -4. Suppose 4*n - 36 = 8*n. Is (-3)/n + (-35)/t a multiple of 6?
True
Suppose 3*k - 3*v + 54 = -0*v, 4*v = 3*k + 54. Suppose 0 = 5*r + 2*g - 17 + 76, -2*r - 5*g = 32. Let y = r - k. Does 5 divide y?
False
Let c(t) = -205*t - 5. Is c(-1) a multiple of 50?
True
Let h be -2 + 2 - (0 + 12). Let f(b) = -4*b - 16. Does 11 divide f(h)?
False
Let u(p) = -33*p**3 + 2*p**2 + 3*p + 1. Is 4 a factor of u(-1)?
False
Let h be 3*(-1)/(-3) - -3. Let p be 2/3 + h/3. Suppose -2*j = -p*a + 4 + 22, -5 = -j. Is a a multiple of 18?
True
Let k = 6 - 4. Suppose -30 = -b + k. Is b a multiple of 16?
True
Suppose 4*k + 5*u - 47 = 0, 3*k + 3*u - 2*u - 38 = 0. Is 4 a factor of k?
False
Does 24 divide (21/9)/(1/21)?
False
Suppose 1262 = 5*u + 287. Is u a multiple of 13?
True
Let l be 3/(((-9)/(-30))/(-1)). Let z be ((-32)/l)/(4/40). Suppose 4*j = 16 + z. Is 12 a factor of j?
True
Let n = -5 - -12. Suppose -1 - n = -z. Does 6 divide z?
False
Suppose 2*v + 216 = 5*v. Is 15 a factor of v?
False
Let d(s) = s**2 - 14*s + 2. Let z(k) be the second d